are the prime factors of m?
13
Let u = -41 + 126. Suppose 4*k - u = 7. What are the prime factors of k?
23
Let k(p) = p**3 + p**2 - 8*p + 4. What are the prime factors of k(3)?
2
Suppose -5*n - 15 = t - 5, -3*t - 5*n = 10. Suppose -4*v + 20 - 4 = t. What are the prime factors of v?
2
Let q be (-2 + 2 - -3) + 0. Suppose -q*d + 3*c + 0*c + 3 = 0, -c + 1 = d. What are the prime factors of (21/2)/(d/2)?
3, 7
Let o(h) = -h**2 - 10*h + 1. List the prime factors of o(-9).
2, 5
Let l = 4 - 3. Let z be 1/(-4) - l/(-4). Let x = 3 - z. What are the prime factors of x?
3
Suppose -5*d - 1665 = -5*s - 10*d, 4*s - 1332 = -5*d. List the prime factors of s.
3, 37
Let d(w) = -43*w - 6. What are the prime factors of d(-2)?
2, 5
Let b be 2 + (2 - -4*5). Suppose 3*u - 7*u + b = 0. What are the prime factors of u?
2, 3
Let s be (-4)/(-6) - 110/(-6). Suppose h + 4*r = s, 5*r = -h - 0*r + 20. List the prime factors of h.
3, 5
Suppose -y + 14 = -0*y. List the prime factors of (-4)/(-14) + 192/y.
2, 7
Suppose -4*n + 2*d + 362 = 0, 0 = 4*n + 3*d - 1 - 376. List the prime factors of n.
2, 23
Let t(m) = 2 + 8*m - 2*m - m - m**3. List the prime factors of t(-3).
2, 7
Let h(a) = -18*a**2 - a + 2. Let u(r) = -19*r**2 - 2*r + 3. Let v(q) = -3*h(q) + 2*u(q). Let k be v(1). List the prime factors of -1*k*(-3)/9.
5
Let m(g) be the first derivative of -1/2*g**2 + 0*g + 7/3*g**3 + 4. What are the prime factors of m(-1)?
2
Let m be 1/2 - (-3)/2. Let g be (-1)/2*(m + 40). Let z = 37 + g. List the prime factors of z.
2
Let z(u) be the second derivative of -u**4/12 + 4*u**3/3 + 7*u**2/2 + u. List the prime factors of z(7).
2, 7
Suppose -4*z + 56 + 88 = 0. List the prime factors of z.
2, 3
Let a = 1 + 0. Suppose -2*d + 12 = 14. What are the prime factors of 0 + 13 - a/d?
2, 7
Let h(i) = 6*i - 1. Let j(q) = -13*q + 3. Let l(v) = 5*h(v) + 2*j(v). Let o = 42 + -40. What are the prime factors of l(o)?
3
Suppose -5*u + 0*u - 3460 = 0. Let k be (0 - -2) + u/(-4). List the prime factors of k/10 - (-1)/2.
2, 3
Let t(p) be the second derivative of -8*p**3/3 + 3*p**2/2 - 9*p. List the prime factors of t(-3).
3, 17
Suppose z + 20 = -0*z. Let s = -8 - -2. What are the prime factors of z/s*6/4?
5
Let r = -4 - -6. Let d be (0 + r)/((-4)/(-2)). Suppose 5*u + d = 4*u, 2*m - 6 = -4*u. List the prime factors of m.
5
Let u be ((-248)/12)/((-6)/(-9)). Let y = u - -46. List the prime factors of y.
3, 5
Let m(v) = -v**2 + 5*v - 4. Let s be m(4). Suppose s = -2*c - 2*c - 8. Let f = c + 4. List the prime factors of f.
2
Let n be ((-18)/(-4))/((-3)/(-4)). Suppose 0 = -3*x - m - 3, -5*x + 4*m + 0*m - 22 = 0. List the prime factors of n/1 - (x - -2).
2, 3
Let q(d) = -d**2 - 5*d - 3. Let i be q(-5). List the prime factors of i/18 + 50/12.
2
Let v(i) = -i**2 + 11*i - 8. Let h be v(8). What are the prime factors of h/(-40) - 244/(-10)?
2, 3
Let g be (-4 + 0)*(-2)/(-4). What are the prime factors of (g - -4)/((-8)/(-52))?
13
Let p(y) = -y**2 + 7*y - 5. Let h be p(7). Let w = h + 9. What are the prime factors of (1 - 2)*w*-3?
2, 3
Suppose -3*a = -5*t + 39, -4*t + 52 = 4*a + 8. What are the prime factors of t?
3
Suppose -14*h = -2*h - 1008. List the prime factors of h.
2, 3, 7
Suppose 39 = -2*i + f, -2*i = -4*i - 2*f - 42. What are the prime factors of i/((-3)/(6/2))?
2, 5
Suppose -1142 = -12*d + 1498. List the prime factors of d.
2, 5, 11
Suppose 0 = 2*j - 10. Suppose -j*r + 17 = -18. List the prime factors of r.
7
Let m be ((-4)/10)/((-8)/40). Let k(y) = -1 - 5*y + m*y - y**2 + 2*y**2 + 4. What are the prime factors of k(3)?
3
Suppose 3*q - 54 = -3*y, q - y - 27 = y. List the prime factors of q.
3, 7
Suppose -6*d + d + 154 = 2*f, 0 = -3*f + 4*d + 208. Let c = -36 + f. List the prime factors of c.
2, 3
What are the prime factors of 15 + (-8)/(7 + -3)?
13
Suppose -2*h = -65 - 153. What are the prime factors of h?
109
Let d be (-4)/18 - (-110)/9. Suppose -5*g = 3*p - 38, 0 = -3*g - 4*p + 2 + d. List the prime factors of g.
2, 5
Suppose -2*g = -4*w - 2, -4*w + 10 - 2 = 0. Suppose 0 = -2*r + 2*x, -2*x = -5*r + 1 + 2. Suppose 19 + r = g*d. What are the prime factors of d?
2
Suppose -2*s + s - c + 67 = 0, -s + 2*c + 61 = 0. List the prime factors of s.
5, 13
Let u = 24 + -6. List the prime factors of u.
2, 3
Let w = 70 - 49. What are the prime factors of w?
3, 7
Suppose -7*t + 20 = -15. What are the prime factors of t?
5
Let g(s) = 2*s**2 - 12*s + 15. List the prime factors of g(10).
5, 19
Let h = 20 - 10. List the prime factors of (2/(-4))/(h/(-260)).
13
Let p(l) = l**2 - 8*l + 5*l**2 - 7*l**2 - 1. List the prime factors of p(-7).
2, 3
Let k = 243 - -4. What are the prime factors of k?
13, 19
Suppose 2*y = -y - 21. Let x = -5 - y. What are the prime factors of 1/x*(1 + 5)?
3
Let h(u) = 4*u - 15. Suppose -3*l = r, 2*r - 21 = 4*l - 1. List the prime factors of h(r).
3
Suppose -22 = 2*h + 4*j, h + 4*j = -3*h - 44. Let w = h - -24. What are the prime factors of w?
13
Let r(p) = p**3 - 6*p**2 - 10*p. List the prime factors of r(8).
2, 3
Suppose 0 = 2*t - 5*t + 15. Let o = 28 - 9. Suppose 11 = 5*z + 2*h, t*z - o = h + h. List the prime factors of z.
3
Suppose 253 + 379 = 8*v. List the prime factors of v.
79
Suppose -n + 0*n + 4 = 0. Suppose 0 = n*y - y + 4*a + 33, a + 3 = 0. Let u(l) = l + 9. List the prime factors of u(y).
2
Let u(v) = 2*v**2 + 2*v + 77. List the prime factors of u(0).
7, 11
Let r be 4 + -2 + (2 - -3). Let h(y) = y**2 - 4*y - 4. What are the prime factors of h(r)?
17
Let r(g) = -17*g**2 + 8*g + 1. Let z(m) = -9*m**2 + 4*m + 1. Let p(q) = -3*r(q) + 5*z(q). Let b be p(3). What are the prime factors of (-10)/35 + b/7?
2, 3
List the prime factors of (48/(-40))/((-2)/50).
2, 3, 5
Let l be ((-3)/4)/((-2)/(-32)). What are the prime factors of 7/((-21)/l)*6?
2, 3
Let l(r) = -r**2 - 7*r - 1. List the prime factors of l(-4).
11
Let x(o) = o**3 - o + 67. What are the prime factors of x(0)?
67
What are the prime factors of (-3)/(3*(-2)/114)?
3, 19
Let r be 2/8 - (-2)/(-8). Suppose -105 = -2*l - 5*g, l + 3*g - 2*g - 57 = 0. Suppose -l = -5*u + i - 2*i, r = -3*i + 15. List the prime factors of u.
11
Let k(r) = r + 59. List the prime factors of k(-12).
47
Let i(b) = -2*b + 2*b + b + 3. List the prime factors of i(0).
3
Let n(m) = 3*m**2 - 12*m - 4. What are the prime factors of n(-6)?
2, 11
Let s = -156 - -229. What are the prime factors of s?
73
Let r(k) = k**3 + 4*k**2 - 5*k - 7. Let w = -17 + 12. Let u be r(w). What are the prime factors of 2*u/(-2) - 1?
2, 3
Let r(f) = -2*f - 6. Let v be r(-4). Suppose -3*t = -2 - 1, 3*d - v*t - 10 = 0. Suppose -w - 3*q + 3 = 0, -d*q + 3 = -w - 9*q. List the prime factors of w.
2, 3
Suppose 5*s - 5*y - 145 = 0, -5*y = -2*s + 7*s - 135. Suppose 2*z + s = 4*z. What are the prime factors of z?
2, 7
List the prime factors of (-1)/((-650)/162 + 4).
3
Let u(t) = 3*t**2 - 1. Let q = 21 + -25. What are the prime factors of u(q)?
47
Let t(k) = k + 13. Let a = 15 + -26. Let l be t(a). Suppose 0 = l*w - j - 9, w - 4*j - 8 = 14. What are the prime factors of w?
2
Suppose 3*f + 206 = -37. List the prime factors of f/(-4) + (-30)/(-40).
3, 7
Suppose -3*i = -2*x - 47, -4*x = -0*x + 16. Let j = i + -8. Suppose -3*f = -h - 19, -42 = -2*f - j*h - 1. What are the prime factors of f?
2
Let k(s) = -2*s + 6. Let h be k(4). Let t be 1 + (1 + h - 8). What are the prime factors of (-2)/t + 38/8?
5
Let b(q) = q**2 - 5*q - 9. Let k be b(7). Suppose -k*a - 2*l = 3*l - 155, 2*a - 3*l - 87 = 0. Suppose 0 = -3*j + a - 3. List the prime factors of j.
11
Let c(n) = n**3 + 11*n**2 + 9*n - 3. What are the prime factors of c(-10)?
7
Let l(t) = t**2 - t - 2. Let r be l(2). Suppose r = 4*p - 405 - 35. Suppose -3*h - 2*h = -p. What are the prime factors of h?
2, 11
Let u = -4 - 31. List the prime factors of (-1405)/u - 2/14.
2, 5
Suppose -5*a - 5 = -20. Suppose 5*x + 3*i - 37 = 3*x, a*x + 4*i - 54 = 0. List the prime factors of x.
2, 7
Suppose 7*s - 3*s - 4*d = 104, 4*d + 80 = 3*s. List the prime factors of s.
2, 3
Let v(f) = -f**2 - 5*f + 4. Let y be v(-5). Suppose y*d + 0*d = 16. List the prime factors of d.
2
Let t(f) = -f**3 - 7*f**2 - 10. Let j be 2/(-4)*14*1. Let k be t(j). Let n = k + 16. List the prime factors of n.
2, 3
Let g be (-14 + 1)*(1 - 0). Let z = g + 26. Let d = -4 + z. What are the prime factors of d?
